-101 - -344?
243
In base 14, what is 0 - 7a?
-7a
In base 13, what is 24 + -5?
1c
In base 3, what is -20 + -101012?
-101102
In base 11, what is 1a4 - -5?
1a9
In base 9, what is -4 + -26?
-31
In base 5, what is 0 - -401?
401
In base 7, what is 1644 + -1?
1643
In base 3, what is 2012 + 12?
2101
In base 8, what is 4 - -1052?
1056
In base 4, what is -102 - -21?
-21
In base 12, what is a20 + 0?
a20
In base 7, what is -1 + 333?
332
In base 12, what is 51 + -1?
50
In base 8, what is -425 + -15?
-442
In base 12, what is -18 + 5?
-13
In base 8, what is -337 - -5?
-332
In base 4, what is -1 + 1113?
1112
In base 7, what is 16 + 22?
41
In base 7, what is 3550 - -4?
3554
In base 8, what is 0 + 16?
16
In base 7, what is 2 - 12441?
-12436
In base 14, what is -63c - -3?
-639
In base 11, what is 27 + 120?
147
In base 7, what is -2255 - -3?
-2252
In base 4, what is -201 - 0?
-201
In base 4, what is -11 - 130?
-201
In base 8, what is -3545 + -3?
-3550
In base 6, what is -1 - 31?
-32
In base 6, what is 0 - -330?
330
In base 3, what is -10020 - -111?
-2202
In base 16, what is 32 + -f?
23
In base 11, what is 258 + 32?
28a
In base 7, what is 23 + 4?
30
In base 5, what is 3204 + -23?
3131
In base 15, what is 1 + -51c?
-51b
In base 11, what is -10 + 42?
32
In base 10, what is -4 + -4?
-8
In base 14, what is -7 - 1d6?
-1dd
In base 16, what is 28f + -4?
28b
In base 9, what is 4 - 2515?
-2511
In base 9, what is -60 - 4?
-64
In base 16, what is e + e?
1c
In base 14, what is -2 + 5c?
5a
In base 12, what is -4b1 + -4?
-4b5
In base 14, what is -3 + -2?
-5
In base 12, what is 1 - 2372?
-2371
In base 2, what is -1001001010 - 1011?
-1001010101
In base 14, what is -3238 - 2?
-323a
In base 16, what is -102 + -5?
-107
In base 12, what is -20 - -1a?
-2
In base 15, what is 2 - 22?
-20
In base 15, what is -133 + -5?
-138
In base 3, what is -12 + -21221?
-22010
In base 13, what is 51 - -7?
58
In base 11, what is -3 - -3115?
3112
In base 15, what is -89 + 5?
-84
In base 15, what is 1cb2 - -1?
1cb3
In base 3, what is 111202 + -122?
111010
In base 8, what is -14 - 3?
-17
In base 5, what is -302 - 0?
-302
In base 2, what is -1101011 - -100?
-1100111
In base 11, what is -276 - -1?
-275
In base 3, what is -12022100 - -1?
-12022022
In base 6, what is -3 + 211?
204
In base 10, what is 4 + -1184?
-1180
In base 7, what is 61 + -441?
-350
In base 16, what is 35 + -3c?
-7
In base 15, what is 2 - -19?
1b
In base 2, what is -11010001 - -1010011?
-1111110
In base 7, what is 125 - 2?
123
In base 11, what is -1a7 - -3?
-1a4
In base 11, what is 2 + -83?
-81
In base 8, what is -2031 - 2?
-2033
In base 9, what is 4 - 73?
-68
In base 5, what is -10 - 22433?
-22443
In base 9, what is -158 - -2?
-156
In base 15, what is -53 + 3?
-50
In base 15, what is -3d2 + 9?
-3c8
In base 4, what is -311331 - -10?
-311321
In base 6, what is 1441 + 0?
1441
In base 11, what is -344 + -4?
-348
In base 8, what is -104 + 122?
16
In base 10, what is 93 + -310?
-217
In base 3, what is 1 - -21010222?
21011000
In base 3, what is -102 - 11000?
-11102
In base 3, what is 20 + -10110?
-10020
In base 7, what is 12 - 4?
5
In base 6, what is -5 + -525?
-534
In base 16, what is -1 - -8a?
89
In base 12, what is -53 + 1b?
-34
In base 5, what is 330 - 11?
314
In base 10, what is 237 - -9?
246
In base 7, what is 2 + -50?
-45
In base 16, what is -10 + 1?
-f
In base 14, what is 69 + 0?
69
In base 9, what is -4 + 35?
31
In base 9, what is 4 - 111?
-106
In base 3, what is -1 - 21220?
-21221
In base 16, what is 3c + 16?
52
In base 8, what is -4 - 116?
-122
In base 14, what is 7 - 48c?
-485
In base 2, what is 0 + 1000001?
1000001
In base 4, what is -1123 + -1?
-1130
In base 3, what is -11001 - -2?
-10222
In base 4, what is -133 - -211?
12
In base 15, what is 13 + 6?
19
In base 9, what is 145 + 317?
463
In base 2, what is 10110010110 - -10?
10110011000
In base 3, what is 2202221 + 2?
2210000
In base 11, what is -1 - 19?
-1a
In base 16, what is -2 + -7?
-9
In base 5, what is -14 - -430?
411
In base 4, what is -3022013 - 0?
-3022013
In base 12, what is 3 + 19b?
1a2
In base 15, what is 6c + 4?
71
In base 16, what is 152 + 4?
156
In base 16, what is 14 + 8?
1c
In base 9, what is 22 + 63?
85
In base 2, what is 1000001110000 + 11?
1000001110011
In base 14, what is -4 - -14a?
146
In base 3, what is 11 - -10120?
10201
In base 4, what is -1232 + -1?
-1233
In base 15, what is e2 - 4?
dd
In base 16, what is -1 + 1d?
1c
In base 12, what is -456 + 2?
-454
In base 4, what is -11 + -13221?
-13232
In base 16, what is 9 - -16?
1f
In base 9, what is -3 + 361?
357
In base 16, what is 327 + 1?
328
In base 8, what is 153 + -5?
146
In base 7, what is 6 - 0?
6
In base 6, what is -223 + -211?
-434
In base 4, what is -10 - -300?
230
In base 8, what is -10 - 5055?
-5065
In base 11, what is 0 + -2a5?
-2a5
In base 5, what is -203 + -34?
-242
In base 14, what is 1 - 81?
-80
In base 6, what is 11 - 100?
-45
In base 2, what is 1010011110011100 + 0?
1010011110011100
In base 9, what is 118 + 8?
127
In base 3, what is -1120 - 12?
-1202
In base 14, what is -3 + 14c?
149
In base 12, what is -5b + -2?
-61
In base 12, what is -9 + -1?
-a
In base 14, what is -c - 54?
-62
In base 8, what is -125 + -11?
-136
In base 7, what is 130 + -3?
124
In base 7, what is -3 - -14?
11
In base 2, what is 0 + -101110?
-101110
In base 12, what is 4 + 17?
1b
In base 14, what is 76 + ca?
162
In base 9, what is 4 + -11535?
-11531
In base 5, what is -1 + 1201?
1200
In base 3, what is -2 - 2120?
-2122
In base 10, what is 2 + 1464?
1466
In base 12, what is 1 - -238?
239
In base 7, what is -266 + -5?
-304
In base 6, what is -4 + -22003?
-22011
In base 9, what is -42 + -7?
-50
In base 12, what is -1 + -268a?
-268b
In base 7, what is -1 - 622?
-623
In base 10, what is -1 + 360?
359
In base 9, what is 0 + -50?
-50
In base 4, what is 2 + -23031?
-23023
In base 10, what is -294 - 3?
-297
In base 10, what is 0 - -8141?
8141
In base 10, what is -7 + -64?
-71
In base 2, what is 1111011 - 100?
1110111
In base 16, what is -18 + -1?
-19
In base 13, what is -8645 - -1?
-8644
In base 3, what is -12 + -2110?
-2122
In base 12, what is 5 - 1ba?
-1b5
In base 13, what is 2b - -8?
36
In base 4, what is -10123 - -23?
-10100
In base 6, what is -1 - 1552?
-1553
In base 12, what is 86 - -6?
90
In base 10, what is 5 + -549?
-544
In base 6, what is 4 + 114?
122
In base 9, what is -41 + -85?
-136
In base 13, what is -1b - -259?
23b
In base 4, what is -1 - -312?
311
In base 13, what is 4 + 21?
25
In base 16, what is 5 - -44?
49
In base 14, what is -119 - -1?
-118
In base 6, what is -2543 - 1?
-2544
In base 10, what is 904 - -5?
909
In base 4, what is 3223020 + 2?
3223022
In base 3, what is -1002 - 221?
-2000
In base 6, what is 2 + -1?
1
In base 4, what is -32331 + 0?
-32331
In base 15, what is -21 + 8b?
6a
In base 8, what is -4 + 6?
2
In base 7, what is -20 - 1513?
-1533
In base 15, what is -b + e?
3
In base 9, what is -57 - 6?
-64
In base 3, what is -11 - -12?
1
In base 8, what is 513 + 142?
655
In base 2, what is -1110 - 110?
-10100
In base 8, what is -23 - -230?
205
In base 8, what is 6 - 7?
-1
In base 7, what is -1 - 0?
-1
In base 11, what is 521 - -1?
522
In base 6, what is -51 + 2?
-45
In base 11, what is -42 + 10?
-32
In base 6, what is 3 + -403?
-400
In base 9, what is -27 - 12?
-40
In base 15, what is -167 + -1?
-168
In base 14, what is 12d1 + 0?
12d1
In base 6, what is 3 + 54?
101
In base 4, what is -3033 + -230?
-3323
In base 5, what is -1121 - 12?
-1133
In base 6, what is 4 + -154?
-150
In base 2, what is -11110010001 + -11?
-11110010100
In base 2, what is 100 - -101100001110?
101100010010
In base 4, what is 3 + 112103?
112112
In base 15, what is -4 + ee9?
ee5
In base 16, what is 19b + 7?
1a2
In base 10, what is 44 - 6?
38
In base 16, what is -11 + 11?
0
In base 12, what is 513a - 6?
5134
In base 2, what is 101 + -1001000110?
-1001000001
In base 2, what is -10111 + 111?
-10000
In base 5, what is -4030 - 21?
-4101
In base 4, what is -11 - -11133?
11122
In base 12, what is -59 - 2?
-5b
In base 9, what is 57 - -3?
61
In base 15, what is -167 + -a?
-172
In base 10, what is 38 - -82?
120
In base 12, what is 31 - 4?
29
In base 15, what is -2 + 1c?
1a
In base 7, what is 216014 + 0?
216014
In base 10, what is 1 + -14?
-13
In base